{"id":195,"date":"2019-10-25T09:51:22","date_gmt":"2019-10-25T07:51:22","guid":{"rendered":"http:\/\/christophe.valmir.name\/?page_id=195"},"modified":"2019-12-10T06:27:07","modified_gmt":"2019-12-10T05:27:07","slug":"iot-daccelerateur","status":"publish","type":"page","link":"https:\/\/christophe.valmir.name\/?page_id=195","title":{"rendered":"IOT D&rsquo;acc\u00e9l\u00e9rateur"},"content":{"rendered":"\n<p>Les IOTs sont pr\u00e9vus pour fonctionner sans bigdata pour faire des tests. Ils embarquent une interface web qui permet de voir les relev\u00e9s instantan\u00e9ment via WIFI en mode AP.<\/p>\n\n\n\n<div class=\"wp-block-image\"><figure class=\"aligncenter\"><img loading=\"lazy\" decoding=\"async\" width=\"352\" height=\"335\" src=\"http:\/\/christophe.valmir.name\/wp-content\/uploads\/2019\/10\/boitier-alluminuim-10x10x3.png\" alt=\"\" class=\"wp-image-402\" srcset=\"https:\/\/christophe.valmir.name\/wp-content\/uploads\/2019\/10\/boitier-alluminuim-10x10x3.png 352w, https:\/\/christophe.valmir.name\/wp-content\/uploads\/2019\/10\/boitier-alluminuim-10x10x3-300x286.png 300w\" sizes=\"(max-width: 352px) 100vw, 352px\" \/><figcaption>Accelerator: top view<\/figcaption><\/figure><\/div>\n\n\n\n<div class=\"wp-block-image\"><figure class=\"aligncenter\"><img loading=\"lazy\" decoding=\"async\" width=\"691\" height=\"401\" src=\"http:\/\/christophe.valmir.name\/wp-content\/uploads\/2019\/10\/image-35.png\" alt=\"\" class=\"wp-image-404\" srcset=\"https:\/\/christophe.valmir.name\/wp-content\/uploads\/2019\/10\/image-35.png 691w, https:\/\/christophe.valmir.name\/wp-content\/uploads\/2019\/10\/image-35-300x174.png 300w\" sizes=\"(max-width: 691px) 100vw, 691px\" \/><figcaption>Interface on IOT with true value<\/figcaption><\/figure><\/div>\n\n\n\n<div class=\"wp-block-image\"><figure class=\"aligncenter\"><img loading=\"lazy\" decoding=\"async\" width=\"676\" height=\"285\" src=\"http:\/\/christophe.valmir.name\/wp-content\/uploads\/2019\/10\/image-36.png\" alt=\"\" class=\"wp-image-405\" srcset=\"https:\/\/christophe.valmir.name\/wp-content\/uploads\/2019\/10\/image-36.png 676w, https:\/\/christophe.valmir.name\/wp-content\/uploads\/2019\/10\/image-36-300x126.png 300w\" sizes=\"(max-width: 676px) 100vw, 676px\" \/><figcaption>Analyse FFT on IOT<\/figcaption><\/figure><\/div>\n\n\n\n<div class=\"wp-block-file\"><a href=\"http:\/\/christophe.valmir.name\/wp-content\/uploads\/2019\/10\/documentation-de-laccelerateur.pdf\">documentation-de-laccelerateur<\/a><a href=\"http:\/\/christophe.valmir.name\/wp-content\/uploads\/2019\/10\/documentation-de-laccelerateur.pdf\" class=\"wp-block-file__button\" download>T\u00e9l\u00e9charger<\/a><\/div>\n","protected":false},"excerpt":{"rendered":"<p>Les IOTs sont pr\u00e9vus pour fonctionner sans bigdata pour faire des tests. Ils embarquent une interface web qui permet de voir les relev\u00e9s instantan\u00e9ment via WIFI en mode AP.<\/p>\n","protected":false},"author":1,"featured_media":0,"parent":228,"menu_order":0,"comment_status":"closed","ping_status":"closed","template":"","meta":{"footnotes":""},"_links":{"self":[{"href":"https:\/\/christophe.valmir.name\/index.php?rest_route=\/wp\/v2\/pages\/195"}],"collection":[{"href":"https:\/\/christophe.valmir.name\/index.php?rest_route=\/wp\/v2\/pages"}],"about":[{"href":"https:\/\/christophe.valmir.name\/index.php?rest_route=\/wp\/v2\/types\/page"}],"author":[{"embeddable":true,"href":"https:\/\/christophe.valmir.name\/index.php?rest_route=\/wp\/v2\/users\/1"}],"replies":[{"embeddable":true,"href":"https:\/\/christophe.valmir.name\/index.php?rest_route=%2Fwp%2Fv2%2Fcomments&post=195"}],"version-history":[{"count":10,"href":"https:\/\/christophe.valmir.name\/index.php?rest_route=\/wp\/v2\/pages\/195\/revisions"}],"predecessor-version":[{"id":589,"href":"https:\/\/christophe.valmir.name\/index.php?rest_route=\/wp\/v2\/pages\/195\/revisions\/589"}],"up":[{"embeddable":true,"href":"https:\/\/christophe.valmir.name\/index.php?rest_route=\/wp\/v2\/pages\/228"}],"wp:attachment":[{"href":"https:\/\/christophe.valmir.name\/index.php?rest_route=%2Fwp%2Fv2%2Fmedia&parent=195"}],"curies":[{"name":"wp","href":"https:\/\/api.w.org\/{rel}","templated":true}]}}