{"id":197,"date":"2019-10-25T09:51:33","date_gmt":"2019-10-25T07:51:33","guid":{"rendered":"http:\/\/christophe.valmir.name\/?page_id=197"},"modified":"2020-08-29T19:07:31","modified_gmt":"2020-08-29T17:07:31","slug":"iot-de-pression-air-fluide","status":"publish","type":"page","link":"https:\/\/christophe.valmir.name\/?page_id=197","title":{"rendered":"IOT de pression ( Air\/Fluide)"},"content":{"rendered":"\n<p>Comme le capteur d&rsquo;acceleration \u00e0 part le design.<\/p>\n\n\n\n<p>Mesure la pression de l&rsquo;air, huile, eau et essence pour un maximum 100psi \u00e0 8000psi avec des capteurs de notre partenaire HONEYWELL.<\/p>\n\n\n\n<p>Les donn\u00e9es collect\u00e9es vont directement o\u00f9 vous voulez Azure, Aws, Webservice, scaleway, alibaba, votre Bigdata interne ou blockchain.<\/p>\n\n\n\n<figure class=\"wp-block-image size-large\"><img loading=\"lazy\" decoding=\"async\" width=\"797\" height=\"815\" src=\"https:\/\/christophe.valmir.name\/wp-content\/uploads\/2020\/07\/pression.png\" alt=\"\" class=\"wp-image-657\" srcset=\"https:\/\/christophe.valmir.name\/wp-content\/uploads\/2020\/07\/pression.png 797w, https:\/\/christophe.valmir.name\/wp-content\/uploads\/2020\/07\/pression-293x300.png 293w, https:\/\/christophe.valmir.name\/wp-content\/uploads\/2020\/07\/pression-768x785.png 768w\" sizes=\"(max-width: 797px) 100vw, 797px\" \/><\/figure>\n","protected":false},"excerpt":{"rendered":"<p>Comme le capteur d&rsquo;acceleration \u00e0 part le design. Mesure la pression de l&rsquo;air, huile, eau et essence pour un maximum 100psi \u00e0 8000psi avec des capteurs de notre partenaire HONEYWELL. Les donn\u00e9es collect\u00e9es vont directement o\u00f9 vous voulez Azure, Aws, Webservice, scaleway, alibaba, votre Bigdata interne ou blockchain.<\/p>\n","protected":false},"author":1,"featured_media":0,"parent":228,"menu_order":1,"comment_status":"closed","ping_status":"closed","template":"","meta":{"footnotes":""},"_links":{"self":[{"href":"https:\/\/christophe.valmir.name\/index.php?rest_route=\/wp\/v2\/pages\/197"}],"collection":[{"href":"https:\/\/christophe.valmir.name\/index.php?rest_route=\/wp\/v2\/pages"}],"about":[{"href":"https:\/\/christophe.valmir.name\/index.php?rest_route=\/wp\/v2\/types\/page"}],"author":[{"embeddable":true,"href":"https:\/\/christophe.valmir.name\/index.php?rest_route=\/wp\/v2\/users\/1"}],"replies":[{"embeddable":true,"href":"https:\/\/christophe.valmir.name\/index.php?rest_route=%2Fwp%2Fv2%2Fcomments&post=197"}],"version-history":[{"count":4,"href":"https:\/\/christophe.valmir.name\/index.php?rest_route=\/wp\/v2\/pages\/197\/revisions"}],"predecessor-version":[{"id":699,"href":"https:\/\/christophe.valmir.name\/index.php?rest_route=\/wp\/v2\/pages\/197\/revisions\/699"}],"up":[{"embeddable":true,"href":"https:\/\/christophe.valmir.name\/index.php?rest_route=\/wp\/v2\/pages\/228"}],"wp:attachment":[{"href":"https:\/\/christophe.valmir.name\/index.php?rest_route=%2Fwp%2Fv2%2Fmedia&parent=197"}],"curies":[{"name":"wp","href":"https:\/\/api.w.org\/{rel}","templated":true}]}}