{"id":346,"date":"2019-10-30T11:26:14","date_gmt":"2019-10-30T10:26:14","guid":{"rendered":"http:\/\/christophe.valmir.name\/?page_id=346"},"modified":"2019-10-30T11:32:27","modified_gmt":"2019-10-30T10:32:27","slug":"la-ventoline-connectee","status":"publish","type":"page","link":"https:\/\/christophe.valmir.name\/?page_id=346","title":{"rendered":"La ventoline connect\u00e9e"},"content":{"rendered":"\n<p>Sur la m\u00eame id\u00e9e que le projet ISOR. La ventoline connect\u00e9e \u00e9met un signal quand vous inhalez le produit. <\/p>\n\n\n\n<p>Pourquoi une ventoline connect\u00e9e ?<\/p>\n\n\n\n<ul><li>Ca permet de voir le dose prise dans le mois.<\/li><li>Ca permet de commander automatiquement une nouvelle cartouche et permettre un flux tendu chez les fournisseurs de cartouches.<\/li><li>Ca permet de voir les probl\u00e8mes allergies dans l&rsquo;air et avertir les usag\u00e9es.<\/li><li>Les parents sont pr\u00e9venus en cas de prise de dose<\/li><\/ul>\n\n\n\n<figure class=\"wp-block-image\"><img loading=\"lazy\" decoding=\"async\" width=\"1024\" height=\"436\" src=\"http:\/\/christophe.valmir.name\/wp-content\/uploads\/2019\/10\/image-25-1024x436.png\" alt=\"\" class=\"wp-image-348\" srcset=\"https:\/\/christophe.valmir.name\/wp-content\/uploads\/2019\/10\/image-25-1024x436.png 1024w, https:\/\/christophe.valmir.name\/wp-content\/uploads\/2019\/10\/image-25-300x128.png 300w, https:\/\/christophe.valmir.name\/wp-content\/uploads\/2019\/10\/image-25-768x327.png 768w, https:\/\/christophe.valmir.name\/wp-content\/uploads\/2019\/10\/image-25.png 1907w\" sizes=\"(max-width: 1024px) 100vw, 1024px\" \/><figcaption>Vue de l&rsquo;interface web<\/figcaption><\/figure>\n\n\n\n<div class=\"wp-block-image\"><figure class=\"aligncenter\"><img loading=\"lazy\" decoding=\"async\" width=\"235\" height=\"300\" src=\"http:\/\/christophe.valmir.name\/wp-content\/uploads\/2019\/10\/image-26-235x300.png\" alt=\"\" class=\"wp-image-351\" srcset=\"https:\/\/christophe.valmir.name\/wp-content\/uploads\/2019\/10\/image-26-235x300.png 235w, https:\/\/christophe.valmir.name\/wp-content\/uploads\/2019\/10\/image-26-768x979.png 768w, https:\/\/christophe.valmir.name\/wp-content\/uploads\/2019\/10\/image-26-803x1024.png 803w, https:\/\/christophe.valmir.name\/wp-content\/uploads\/2019\/10\/image-26.png 902w\" sizes=\"(max-width: 235px) 100vw, 235px\" \/><figcaption>L&rsquo;objet connect\u00e9<\/figcaption><\/figure><\/div>\n","protected":false},"excerpt":{"rendered":"<p>Sur la m\u00eame id\u00e9e que le projet ISOR. La ventoline connect\u00e9e \u00e9met un signal quand vous inhalez le produit. Pourquoi une ventoline connect\u00e9e ? Ca permet de voir le dose prise dans le mois. Ca permet de commander automatiquement une nouvelle cartouche et permettre un flux tendu chez les fournisseurs de cartouches. Ca permet de<\/p>\n<p><a href=\"https:\/\/christophe.valmir.name\/?page_id=346\" class=\"more-link\">Lire la suite<\/a><\/p>\n","protected":false},"author":1,"featured_media":0,"parent":102,"menu_order":0,"comment_status":"closed","ping_status":"closed","template":"","meta":{"footnotes":""},"_links":{"self":[{"href":"https:\/\/christophe.valmir.name\/index.php?rest_route=\/wp\/v2\/pages\/346"}],"collection":[{"href":"https:\/\/christophe.valmir.name\/index.php?rest_route=\/wp\/v2\/pages"}],"about":[{"href":"https:\/\/christophe.valmir.name\/index.php?rest_route=\/wp\/v2\/types\/page"}],"author":[{"embeddable":true,"href":"https:\/\/christophe.valmir.name\/index.php?rest_route=\/wp\/v2\/users\/1"}],"replies":[{"embeddable":true,"href":"https:\/\/christophe.valmir.name\/index.php?rest_route=%2Fwp%2Fv2%2Fcomments&post=346"}],"version-history":[{"count":2,"href":"https:\/\/christophe.valmir.name\/index.php?rest_route=\/wp\/v2\/pages\/346\/revisions"}],"predecessor-version":[{"id":352,"href":"https:\/\/christophe.valmir.name\/index.php?rest_route=\/wp\/v2\/pages\/346\/revisions\/352"}],"up":[{"embeddable":true,"href":"https:\/\/christophe.valmir.name\/index.php?rest_route=\/wp\/v2\/pages\/102"}],"wp:attachment":[{"href":"https:\/\/christophe.valmir.name\/index.php?rest_route=%2Fwp%2Fv2%2Fmedia&parent=346"}],"curies":[{"name":"wp","href":"https:\/\/api.w.org\/{rel}","templated":true}]}}