{"id":380,"date":"2019-10-30T14:51:09","date_gmt":"2019-10-30T13:51:09","guid":{"rendered":"http:\/\/christophe.valmir.name\/?page_id=380"},"modified":"2019-11-12T20:40:57","modified_gmt":"2019-11-12T19:40:57","slug":"transvisio-fr","status":"publish","type":"page","link":"https:\/\/christophe.valmir.name\/?page_id=380","title":{"rendered":"Transvisio.fr"},"content":{"rendered":"\n<p>L&rsquo;application transvisio cr\u00e9\u00e9 en 2012 est un logiciel qui permet de faire des conf\u00e9rences via les navigateurs. A l&rsquo;origine, il devait aider les personnes sourds et muets \u00e0 communiquer par les mains en cas d&rsquo;urgence via leurs t\u00e9l\u00e9phones. J&rsquo;ai r\u00e9orient\u00e9 le projet pour faire des conf\u00e9rences et a \u00e9t\u00e9 vendu.<\/p>\n\n\n\n<p>Exemple de webrtc: <a href=\"https:\/\/appr.tc\/\">https:\/\/appr.tc\/<\/a><\/p>\n\n\n\n<p>Aujourd&rsquo;hui en 2019, les d\u00e9fis ont chang\u00e9s. Depuis ses 7 ans des techniques de hackages sont multiples.<\/p>\n\n\n\n<ul><li>Modification du flux vid\u00e9o qui se trouve souvent en clair.<\/li><li>Sorti du flux vid\u00e9o vers l\u2019ext\u00e9rieur, malheureusement comme les blockchains priv\u00e9s on constate des connexions vers internets.<\/li><li>Comme au d\u00e9but du webRPC, on peut savoir o\u00f9 se trouve les interlocuteur m\u00eame en passant par un proxy.<\/li><li>Et menace du Deep-fake, c&rsquo;est une vid\u00e9o modifi\u00e9 avec la t\u00eate et la voie d&rsquo;autre personne. C&rsquo;est tr\u00e8s bluffant ( voir l&rsquo;identit\u00e9 num\u00e9rique )<\/li><\/ul>\n","protected":false},"excerpt":{"rendered":"<p>L&rsquo;application transvisio cr\u00e9\u00e9 en 2012 est un logiciel qui permet de faire des conf\u00e9rences via les navigateurs. A l&rsquo;origine, il devait aider les personnes sourds et muets \u00e0 communiquer par les mains en cas d&rsquo;urgence via leurs t\u00e9l\u00e9phones. J&rsquo;ai r\u00e9orient\u00e9 le projet pour faire des conf\u00e9rences et a \u00e9t\u00e9 vendu. Exemple de webrtc: https:\/\/appr.tc\/ Aujourd&rsquo;hui<\/p>\n<p><a href=\"https:\/\/christophe.valmir.name\/?page_id=380\" class=\"more-link\">Lire la suite<\/a><\/p>\n","protected":false},"author":1,"featured_media":0,"parent":387,"menu_order":0,"comment_status":"closed","ping_status":"closed","template":"","meta":{"footnotes":""},"_links":{"self":[{"href":"https:\/\/christophe.valmir.name\/index.php?rest_route=\/wp\/v2\/pages\/380"}],"collection":[{"href":"https:\/\/christophe.valmir.name\/index.php?rest_route=\/wp\/v2\/pages"}],"about":[{"href":"https:\/\/christophe.valmir.name\/index.php?rest_route=\/wp\/v2\/types\/page"}],"author":[{"embeddable":true,"href":"https:\/\/christophe.valmir.name\/index.php?rest_route=\/wp\/v2\/users\/1"}],"replies":[{"embeddable":true,"href":"https:\/\/christophe.valmir.name\/index.php?rest_route=%2Fwp%2Fv2%2Fcomments&post=380"}],"version-history":[{"count":5,"href":"https:\/\/christophe.valmir.name\/index.php?rest_route=\/wp\/v2\/pages\/380\/revisions"}],"predecessor-version":[{"id":563,"href":"https:\/\/christophe.valmir.name\/index.php?rest_route=\/wp\/v2\/pages\/380\/revisions\/563"}],"up":[{"embeddable":true,"href":"https:\/\/christophe.valmir.name\/index.php?rest_route=\/wp\/v2\/pages\/387"}],"wp:attachment":[{"href":"https:\/\/christophe.valmir.name\/index.php?rest_route=%2Fwp%2Fv2%2Fmedia&parent=380"}],"curies":[{"name":"wp","href":"https:\/\/api.w.org\/{rel}","templated":true}]}}