{"id":473,"date":"2019-10-31T19:33:17","date_gmt":"2019-10-31T18:33:17","guid":{"rendered":"http:\/\/christophe.valmir.name\/?page_id=473"},"modified":"2020-07-05T16:43:03","modified_gmt":"2020-07-05T14:43:03","slug":"mailhoneypot","status":"publish","type":"page","link":"https:\/\/christophe.valmir.name\/?page_id=473","title":{"rendered":"Mailhoneypot"},"content":{"rendered":"\n<p>Mailhoneypot est un logiciel que j&rsquo;ai cr\u00e9\u00e9 en 2017 o\u00f9 les Emails entrent dans le logiciel mais ne sortent pas et sont archiv\u00e9s. A quoi cela peut servir ?<\/p>\n\n\n\n<p>Le systeme ne sert uniquement pour les d\u00e9veloppeurs qui r\u00e9alisent un banc de tests.<\/p>\n\n\n\n<figure class=\"wp-block-image\"><img loading=\"lazy\" decoding=\"async\" width=\"529\" height=\"257\" src=\"http:\/\/christophe.valmir.name\/wp-content\/uploads\/2019\/10\/image-51.png\" alt=\"\" class=\"wp-image-474\" srcset=\"https:\/\/christophe.valmir.name\/wp-content\/uploads\/2019\/10\/image-51.png 529w, https:\/\/christophe.valmir.name\/wp-content\/uploads\/2019\/10\/image-51-300x146.png 300w\" sizes=\"(max-width: 529px) 100vw, 529px\" \/><\/figure>\n\n\n\n<p>Les banc de tests sont normalement en circuit ferm\u00e9 ( pas de connexion ext\u00e9rieur). Si ce n&rsquo;est pas le cas, il y a un risque d&rsquo;envoyer des courriels chez les clients. Tous les d\u00e9veloppeurs ont au moins fait l&rsquo;erreur une fois \ud83d\ude09<\/p>\n","protected":false},"excerpt":{"rendered":"<p>Mailhoneypot est un logiciel que j&rsquo;ai cr\u00e9\u00e9 en 2017 o\u00f9 les Emails entrent dans le logiciel mais ne sortent pas et sont archiv\u00e9s. A quoi cela peut servir ? Le systeme ne sert uniquement pour les d\u00e9veloppeurs qui r\u00e9alisent un banc de tests. Les banc de tests sont normalement en circuit ferm\u00e9 ( pas de<\/p>\n<p><a href=\"https:\/\/christophe.valmir.name\/?page_id=473\" class=\"more-link\">Lire la suite<\/a><\/p>\n","protected":false},"author":1,"featured_media":0,"parent":387,"menu_order":0,"comment_status":"closed","ping_status":"closed","template":"","meta":{"footnotes":""},"_links":{"self":[{"href":"https:\/\/christophe.valmir.name\/index.php?rest_route=\/wp\/v2\/pages\/473"}],"collection":[{"href":"https:\/\/christophe.valmir.name\/index.php?rest_route=\/wp\/v2\/pages"}],"about":[{"href":"https:\/\/christophe.valmir.name\/index.php?rest_route=\/wp\/v2\/types\/page"}],"author":[{"embeddable":true,"href":"https:\/\/christophe.valmir.name\/index.php?rest_route=\/wp\/v2\/users\/1"}],"replies":[{"embeddable":true,"href":"https:\/\/christophe.valmir.name\/index.php?rest_route=%2Fwp%2Fv2%2Fcomments&post=473"}],"version-history":[{"count":5,"href":"https:\/\/christophe.valmir.name\/index.php?rest_route=\/wp\/v2\/pages\/473\/revisions"}],"predecessor-version":[{"id":645,"href":"https:\/\/christophe.valmir.name\/index.php?rest_route=\/wp\/v2\/pages\/473\/revisions\/645"}],"up":[{"embeddable":true,"href":"https:\/\/christophe.valmir.name\/index.php?rest_route=\/wp\/v2\/pages\/387"}],"wp:attachment":[{"href":"https:\/\/christophe.valmir.name\/index.php?rest_route=%2Fwp%2Fv2%2Fmedia&parent=473"}],"curies":[{"name":"wp","href":"https:\/\/api.w.org\/{rel}","templated":true}]}}