{"id":492,"date":"2019-11-04T08:02:20","date_gmt":"2019-11-04T07:02:20","guid":{"rendered":"http:\/\/christophe.valmir.name\/?page_id=492"},"modified":"2020-04-26T07:27:58","modified_gmt":"2020-04-26T05:27:58","slug":"verification-de-fonctionnement-systeme-lumineuse","status":"publish","type":"page","link":"https:\/\/christophe.valmir.name\/?page_id=492","title":{"rendered":"V\u00e9rification du fonctionnement syst\u00e8me lumineuse"},"content":{"rendered":"\n<p>Les IOT de v\u00e9rification, cr\u00e9\u00e9 en 2016, permet de v\u00e9rifier si la LED ou la lampe fonctionne toujours. J&rsquo;ai fais le circuit imprim\u00e9 et le logiciel de gestion via tableau web.<\/p>\n\n\n\n<p>Quelle domaine d&rsquo;application principal ?<\/p>\n\n\n\n<ul><li>\u00c9clairage <em>public<\/em> ( non test\u00e9 )<\/li><li><a href=\"https:\/\/www.legrand.fr\/pro\/normes-et-reglementations\/eclairage-de-securite\/normes-et-eclairage-de-securite-et-baes-ce-quil-faut-savoir\">Luminosit\u00e9 des sorties de secours<\/a><\/li><\/ul>\n\n\n\n<p>Destiner \u00e0 l&rsquo;origine aux organismes telles que la APAVE. L&rsquo;agent certificateur lie l&rsquo;IOT au b\u00e2timent de la soci\u00e9t\u00e9. Une fois que la batterie ou que la lampe \u00ab\u00a0clac\u00a0\u00bb, l&rsquo;IOT envoie un signal vers une base de donn\u00e9e. La porter de l&rsquo;IOT est de 20KM et fonctionne pratiquement partout ( les ascenseurs demande une antenne plus grosse). <\/p>\n\n\n\n<p>L&rsquo;IOT n&rsquo;a pas trouv\u00e9 son public pour aller plus loin.<\/p>\n","protected":false},"excerpt":{"rendered":"<p>Les IOT de v\u00e9rification, cr\u00e9\u00e9 en 2016, permet de v\u00e9rifier si la LED ou la lampe fonctionne toujours. J&rsquo;ai fais le circuit imprim\u00e9 et le logiciel de gestion via tableau web. Quelle domaine d&rsquo;application principal ? \u00c9clairage public ( non test\u00e9 ) Luminosit\u00e9 des sorties de secours Destiner \u00e0 l&rsquo;origine aux organismes telles que la<\/p>\n<p><a href=\"https:\/\/christophe.valmir.name\/?page_id=492\" class=\"more-link\">Lire la suite<\/a><\/p>\n","protected":false},"author":1,"featured_media":0,"parent":0,"menu_order":0,"comment_status":"closed","ping_status":"closed","template":"","meta":{"footnotes":""},"_links":{"self":[{"href":"https:\/\/christophe.valmir.name\/index.php?rest_route=\/wp\/v2\/pages\/492"}],"collection":[{"href":"https:\/\/christophe.valmir.name\/index.php?rest_route=\/wp\/v2\/pages"}],"about":[{"href":"https:\/\/christophe.valmir.name\/index.php?rest_route=\/wp\/v2\/types\/page"}],"author":[{"embeddable":true,"href":"https:\/\/christophe.valmir.name\/index.php?rest_route=\/wp\/v2\/users\/1"}],"replies":[{"embeddable":true,"href":"https:\/\/christophe.valmir.name\/index.php?rest_route=%2Fwp%2Fv2%2Fcomments&post=492"}],"version-history":[{"count":5,"href":"https:\/\/christophe.valmir.name\/index.php?rest_route=\/wp\/v2\/pages\/492\/revisions"}],"predecessor-version":[{"id":620,"href":"https:\/\/christophe.valmir.name\/index.php?rest_route=\/wp\/v2\/pages\/492\/revisions\/620"}],"wp:attachment":[{"href":"https:\/\/christophe.valmir.name\/index.php?rest_route=%2Fwp%2Fv2%2Fmedia&parent=492"}],"curies":[{"name":"wp","href":"https:\/\/api.w.org\/{rel}","templated":true}]}}