{"id":52,"date":"2019-10-22T16:37:42","date_gmt":"2019-10-22T14:37:42","guid":{"rendered":"http:\/\/christophe.valmir.name\/?page_id=52"},"modified":"2022-10-18T11:47:31","modified_gmt":"2022-10-18T09:47:31","slug":"home","status":"publish","type":"page","link":"https:\/\/christophe.valmir.name\/","title":{"rendered":"Home"},"content":{"rendered":"\n<figure class=\"wp-block-image\"><img loading=\"lazy\" decoding=\"async\" width=\"930\" height=\"618\" src=\"http:\/\/christophe.valmir.name\/wp-content\/uploads\/2019\/10\/data-center-webaxys.jpg\" alt=\"\" class=\"wp-image-147\" srcset=\"https:\/\/christophe.valmir.name\/wp-content\/uploads\/2019\/10\/data-center-webaxys.jpg 930w, https:\/\/christophe.valmir.name\/wp-content\/uploads\/2019\/10\/data-center-webaxys-300x199.jpg 300w, https:\/\/christophe.valmir.name\/wp-content\/uploads\/2019\/10\/data-center-webaxys-768x510.jpg 768w\" sizes=\"(max-width: 930px) 100vw, 930px\" \/><figcaption>Datacenter \u00e9cologiquement responsable pr\u00e9s du havre<\/figcaption><\/figure>\n\n\n\n<p>Ce site a pour vocation de pr\u00e9senter tous les projets sur lesquels je suis passionn\u00e9. La photo r\u00e9sume en parti ma conviction que l&rsquo;informatique peut \u00eatre un peu plus \u00ab\u00a0\u00e9cologique\u00a0\u00bb. Le d\u00e9fis des prochaines g\u00e9n\u00e9rations de datacenter seront dit \u00e0 \u00ab\u00a0Energie positive\u00a0\u00bb. Puis les DC suivants permettront de combler l\u2019\u00e9nergie dit \u00ab\u00a0grise\u00a0\u00bb. L\u2019\u00e9nergie grise est l\u2019\u00e9nergie utilis\u00e9e pour construire le Datacenter + les Serveurs. Je vous invite \u00e0 voir https:\/\/sciencetonnante.wordpress.com\/2019\/07\/16\/energie-entropie\/ qui explique la future crise \u00e9nerg\u00e9tique.<\/p>\n\n\n\n<p>Articles:<\/p>\n\n\n<ul class=\"wp-block-latest-posts__list wp-block-latest-posts\"><li><a class=\"wp-block-latest-posts__post-title\" href=\"https:\/\/christophe.valmir.name\/?p=770\">Regate: un logiciel de connexion vers les serveurs<\/a><\/li>\n<li><a class=\"wp-block-latest-posts__post-title\" href=\"https:\/\/christophe.valmir.name\/?p=746\">Cours SQL<\/a><\/li>\n<li><a class=\"wp-block-latest-posts__post-title\" href=\"https:\/\/christophe.valmir.name\/?p=648\">Le cloud 2.0<\/a><\/li>\n<li><a class=\"wp-block-latest-posts__post-title\" href=\"https:\/\/christophe.valmir.name\/?p=576\">Le deepfake, la contrefacon num\u00e9rique 2.0<\/a><\/li>\n<li><a class=\"wp-block-latest-posts__post-title\" href=\"https:\/\/christophe.valmir.name\/?p=575\">Le programme ZAPPEUR<\/a><\/li>\n<\/ul>\n\n\n<p>Articles externes:<\/p>\n\n\n\n<ul><li><a href=\"https:\/\/christophe.valmir.name\/?page_id=742\" data-type=\"page\" data-id=\"742\">utilisations des donn\u00e9es dans le cloud<\/a><\/li><li><a rel=\"noreferrer noopener\" href=\"https:\/\/www.linkedin.com\/pulse\/blacksia-blockchain-media-prototype-christophe-valmir\" data-type=\"URL\" data-id=\"https:\/\/www.linkedin.com\/pulse\/blacksia-blockchain-media-prototype-christophe-valmir\" target=\"_blank\">Prototype Blacksia<\/a><\/li><li><a href=\"https:\/\/www.linkedin.com\/pulse\/retour-sur-le-idforum-christophe-valmir\/\" data-type=\"URL\" data-id=\"https:\/\/www.linkedin.com\/pulse\/retour-sur-le-idforum-christophe-valmir\/\">IDForum en 2020<\/a><\/li><\/ul>\n\n\n\n<p>Liste des languages utilis\u00e9s dans les projets:<\/p>\n\n\n\n<p>Golang\/JS<\/p>\n\n\n\n<ul><li><a href=\"https:\/\/christophe.valmir.name\/?page_id=110\">Resurexio2<\/a> (FrontEnd ExtJS)<\/li><li><a href=\"https:\/\/christophe.valmir.name\/?page_id=628\">BlackSia<\/a>  (FrontEnd Bootstrap )<\/li><li><a href=\"https:\/\/christophe.valmir.name\/?page_id=228\">Site d&rsquo;Administration WIOT<\/a>  (FrontEnd ExtJS)<\/li><li><a href=\"https:\/\/christophe.valmir.name\/?page_id=628\">Site d&rsquo;administration de la Geolocalisation ISOR<\/a>  (FrontEnd ExtJS)<\/li><li><a href=\"https:\/\/christophe.valmir.name\/?page_id=426\">Certification de documents GED<\/a>  (FrontEnd ExtJS)<\/li><li><a href=\"https:\/\/christophe.valmir.name\/?page_id=100\">Bibliotheque permettant de rechercher une personne dans une foule<\/a> (FrontEnd ExtJS)<\/li><li><a href=\"https:\/\/christophe.valmir.name\/?page_id=380\">Transvision<\/a> (Front JS )<\/li><li><a href=\"https:\/\/christophe.valmir.name\/?page_id=414\">seshin<\/a><\/li><li><a href=\"https:\/\/christophe.valmir.name\/?page_id=464\">MailArchiver<\/a> (ExtJS, projet arreter \u00e0 10% ) <\/li><li><a href=\"https:\/\/christophe.valmir.name\/?page_id=461\">Beaucoup d&rsquo;outils serveur<\/a><\/li><\/ul>\n\n\n\n<p><\/p>\n","protected":false},"excerpt":{"rendered":"<p>Ce site a pour vocation de pr\u00e9senter tous les projets sur lesquels je suis passionn\u00e9. La photo r\u00e9sume en parti ma conviction que l&rsquo;informatique peut \u00eatre un peu plus \u00ab\u00a0\u00e9cologique\u00a0\u00bb. Le d\u00e9fis des prochaines g\u00e9n\u00e9rations de datacenter seront dit \u00e0 \u00ab\u00a0Energie positive\u00a0\u00bb. Puis les DC suivants permettront de combler l\u2019\u00e9nergie dit \u00ab\u00a0grise\u00a0\u00bb. L\u2019\u00e9nergie grise est<\/p>\n<p><a href=\"https:\/\/christophe.valmir.name\/\" class=\"more-link\">Lire la suite<\/a><\/p>\n","protected":false},"author":1,"featured_media":0,"parent":0,"menu_order":0,"comment_status":"closed","ping_status":"closed","template":"template\/template-contact.php","meta":{"footnotes":""},"_links":{"self":[{"href":"https:\/\/christophe.valmir.name\/index.php?rest_route=\/wp\/v2\/pages\/52"}],"collection":[{"href":"https:\/\/christophe.valmir.name\/index.php?rest_route=\/wp\/v2\/pages"}],"about":[{"href":"https:\/\/christophe.valmir.name\/index.php?rest_route=\/wp\/v2\/types\/page"}],"author":[{"embeddable":true,"href":"https:\/\/christophe.valmir.name\/index.php?rest_route=\/wp\/v2\/users\/1"}],"replies":[{"embeddable":true,"href":"https:\/\/christophe.valmir.name\/index.php?rest_route=%2Fwp%2Fv2%2Fcomments&post=52"}],"version-history":[{"count":10,"href":"https:\/\/christophe.valmir.name\/index.php?rest_route=\/wp\/v2\/pages\/52\/revisions"}],"predecessor-version":[{"id":744,"href":"https:\/\/christophe.valmir.name\/index.php?rest_route=\/wp\/v2\/pages\/52\/revisions\/744"}],"wp:attachment":[{"href":"https:\/\/christophe.valmir.name\/index.php?rest_route=%2Fwp%2Fv2%2Fmedia&parent=52"}],"curies":[{"name":"wp","href":"https:\/\/api.w.org\/{rel}","templated":true}]}}