{"id":610,"date":"2020-04-13T22:09:13","date_gmt":"2020-04-13T20:09:13","guid":{"rendered":"http:\/\/christophe.valmir.name\/?page_id=610"},"modified":"2020-04-14T06:32:10","modified_gmt":"2020-04-14T04:32:10","slug":"les-projets-sans-fdi","status":"publish","type":"page","link":"https:\/\/christophe.valmir.name\/?page_id=610","title":{"rendered":"Les projets sans FDI"},"content":{"rendered":"\n<ul><li><strong>WIOT<\/strong> est une biblioth\u00e8que centrale qui permet de concevoir des IOTs low power ( &lt;2W ) pour les industrielles rapides connect\u00e9s \u00e0 n&rsquo;importe quel cloud ( m\u00eame alibabaCloud ). Il a un IOT vibration, laser et pression en WIFI en 2020.<\/li><li>Cr\u00e9ation d&rsquo;une biblioth\u00e8que pour GO d&rsquo;une signature <strong>post-quantique<\/strong> sur les travaux de <strong>Lattice<\/strong>. Resurexio en est \u00e9quip\u00e9 depuis mars 2020.<\/li><li>Cr\u00e9ation d&rsquo;un IOT de <strong>g\u00e9olocalisation indoor<\/strong> pour appareillage avec une autonomie de 5 ans minimum en 2019.<\/li><li>Cr\u00e9ation de <strong>reconnaissance de faces<\/strong> temps r\u00e9el dans une foule avec des images hautes d\u00e9finitions.<\/li><li>Cr\u00e9ation d&rsquo;un robot qui reconna\u00eet une balle avec une camera rapide. l&rsquo;apprentissage est fait sur un PC (voir les vid\u00e9o).<\/li><li>Cr\u00e9ation d&rsquo;un <strong>IOT de vibration<\/strong> en continue en 2018 et lancement de WIOT.<\/li><li>Cr\u00e9ation d&rsquo;un <strong>IOT de vibration autonome<\/strong> en 2017, l&rsquo;\u00e9quivalent de BOB ( en 2018 ).<\/li><li>Cr\u00e9ation d&rsquo;une cl\u00e9 USB permettant de signer les documents sur une blockchain ( projet bloodsign ).<\/li><li>Cr\u00e9ation d&rsquo;un logiciel de trading automatique sur les blockchains en 2016.<\/li><li>Cr\u00e9ation en 2016 avec David Gaillon<ul><li>Cr\u00e9ation d&rsquo;un <strong>IOT de g\u00e9olocalisation de voiture<\/strong> autonome <strong>sans<\/strong> <strong>se brancher sur la batterie<\/strong> qui me permet de faire mes fiches de frais automatiquement ( des am\u00e9liorations sont possibles).<\/li><li>Cr\u00e9ation d&rsquo;une <strong>ventoline connect\u00e9e<\/strong><\/li><li>Cr\u00e9ation d&rsquo;un <strong>IOT g\u00e9olocalisation de touret<\/strong> + d\u00e9duction de l&rsquo;\u00e9tat du touret<\/li><li>Cr\u00e9ation d&rsquo;une <strong>machine de minage<\/strong> qui peut \u00eatre branch\u00e9 sur une VMC.<\/li><\/ul><\/li><li>Cr\u00e9ation en 2016 d&rsquo;une logiciel de g\u00e9olocalisation de voiture <strong>ISOR4Car<\/strong> en branchement sur la batterie.<\/li><li>Cr\u00e9ation <strong>anamail<\/strong> permet de voir le <strong>usurpation identit\u00e9<\/strong> ( travail avec yahoo ).<\/li><li>Cr\u00e9ation de <strong>Seshin<\/strong> permet l&rsquo;isolation de machine qui a un <strong>OS p\u00e9rim\u00e9<\/strong>.<\/li><li>D\u00e9but du projet <strong>mailArchiver<\/strong>, beaucoup demand\u00e9 mais pas de signature ferme.<\/li><li>Cr\u00e9ation du logiciel <strong>identity face,<\/strong> qui scanne le disque pour reconna\u00eetre de t\u00eate pour la gendarmerie dans les affaires de p\u00e9dophilies en 2016.<\/li><li>Cr\u00e9ation plateform h\u00e9bergement sur la <strong>Blocchain SIA<\/strong> en 2016<\/li><li>Cr\u00e9ation de la biblioth\u00e8que <strong>GoDnssec<\/strong> pour resurexio en 2015 permettant d&rsquo;avoir le premier logiciel int\u00e9grant un solveur int\u00e9gr\u00e9<\/li><li>Cr\u00e9ation de <strong>Mailhoneypot<\/strong> pour les environnements de DEVs ou Recettes et dockerisation.<\/li><li>Cr\u00e9ation d&rsquo;un <strong>logiciel de compta<\/strong> ( Non fini ) coupl\u00e9 avec une blockchains en 2014 puis une blockchain \u00ab\u00a0ethereum\u00a0\u00bb priv\u00e9 en 2018.<\/li><li>D\u00e9but du projet LISA sur les <strong>apprentissages automatiques sur du texte<\/strong> depuis 2013.<\/li><li>Cr\u00e9ation d&rsquo;une biblioth\u00e8que <strong>Extjs-Go<\/strong> en 2013<\/li><li>Divers aide \u00e0 la communaut\u00e9 Go depuis 2011<\/li><li>D\u00e9but de d\u00e9veloppement de <strong>Resurexio2 sous Golang<\/strong> depuis 2011 sur un axe de s\u00e9curit\u00e9 forte et performance accrue en parall\u00e9lisant.<\/li><li>Cr\u00e9ation de <strong>resurexio<\/strong> sur la base AtiseSafe en 2010 sur un axe de s\u00e9curit\u00e9 forte<\/li><li>Cr\u00e9ation en 2007 du logiciel <strong>AtiseSafe<\/strong> ( pr\u00e9curseur de DROPBOX cr\u00e9e en 2008)<\/li><li>Cr\u00e9ation d&rsquo;un <strong>indexer morphosyntaxique<\/strong> en espagnol en 2007<\/li><li>Cr\u00e9ation d&rsquo;un <strong>concordancier<\/strong> pour le cnrtl en 2006<\/li><li>Divers Extensions <strong>typo3<\/strong> en 2004-2005, cr\u00e9ation de site vitrine<\/li><li>Cr\u00e9ation d&rsquo;un <strong>programme XUL<\/strong> permettant de cr\u00e9er des sites \u00e0 la vol\u00e9e en 2004 ( non fini )<\/li><li>Am\u00e9lioration d&rsquo;un <strong>systeme SAT<\/strong> en 2003 sur la voisinage de substitution<\/li><li>Cr\u00e9ation d&rsquo;un algorithme pour la conf\u00e9rence <strong>PATAT<\/strong> en 2003<\/li><li>Calendrier sous <strong>XUL<\/strong> en 2001 pour mozilla<\/li><li>Logiciel de recherche image dans un disque dur en 2000<\/li><li>Cr\u00e9ation de la lib <strong>ircfs pour PLAN9<\/strong> ( m\u00e9moire de maitrise)<\/li><li>Authentification <strong>centralis\u00e9 via LDAP<\/strong> pour windows\/linux\/postfix chez logatique en 1999<\/li><li><strong>Double authentification<\/strong> simple en 1998 pour windows<\/li><li>Logiciel de <strong>gardiennage<\/strong> pour la sagem en 1996<\/li><li>Un calendrier en <strong>basic<\/strong> en 1995<\/li><\/ul>\n","protected":false},"excerpt":{"rendered":"<p>WIOT est une biblioth\u00e8que centrale qui permet de concevoir des IOTs low power ( &lt;2W ) pour les industrielles rapides connect\u00e9s \u00e0 n&rsquo;importe quel cloud ( m\u00eame alibabaCloud ). Il a un IOT vibration, laser et pression en WIFI en 2020. Cr\u00e9ation d&rsquo;une biblioth\u00e8que pour GO d&rsquo;une signature post-quantique sur les travaux de Lattice. Resurexio<\/p>\n<p><a href=\"https:\/\/christophe.valmir.name\/?page_id=610\" class=\"more-link\">Lire la suite<\/a><\/p>\n","protected":false},"author":1,"featured_media":0,"parent":51,"menu_order":0,"comment_status":"closed","ping_status":"closed","template":"","meta":{"footnotes":""},"_links":{"self":[{"href":"https:\/\/christophe.valmir.name\/index.php?rest_route=\/wp\/v2\/pages\/610"}],"collection":[{"href":"https:\/\/christophe.valmir.name\/index.php?rest_route=\/wp\/v2\/pages"}],"about":[{"href":"https:\/\/christophe.valmir.name\/index.php?rest_route=\/wp\/v2\/types\/page"}],"author":[{"embeddable":true,"href":"https:\/\/christophe.valmir.name\/index.php?rest_route=\/wp\/v2\/users\/1"}],"replies":[{"embeddable":true,"href":"https:\/\/christophe.valmir.name\/index.php?rest_route=%2Fwp%2Fv2%2Fcomments&post=610"}],"version-history":[{"count":4,"href":"https:\/\/christophe.valmir.name\/index.php?rest_route=\/wp\/v2\/pages\/610\/revisions"}],"predecessor-version":[{"id":619,"href":"https:\/\/christophe.valmir.name\/index.php?rest_route=\/wp\/v2\/pages\/610\/revisions\/619"}],"up":[{"embeddable":true,"href":"https:\/\/christophe.valmir.name\/index.php?rest_route=\/wp\/v2\/pages\/51"}],"wp:attachment":[{"href":"https:\/\/christophe.valmir.name\/index.php?rest_route=%2Fwp%2Fv2%2Fmedia&parent=610"}],"curies":[{"name":"wp","href":"https:\/\/api.w.org\/{rel}","templated":true}]}}